 when 41 is divided by 9?
5
Calculate the remainder when 656 is divided by 73.
72
What is the remainder when 1170 is divided by 116?
10
What is the remainder when 2721 is divided by 30?
21
Calculate the remainder when 570 is divided by 63.
3
Calculate the remainder when 10878 is divided by 32.
30
What is the remainder when 39881 is divided by 34?
33
What is the remainder when 3516 is divided by 110?
106
Calculate the remainder when 109 is divided by 31.
16
Calculate the remainder when 112 is divided by 39.
34
Calculate the remainder when 181 is divided by 60.
1
What is the remainder when 198 is divided by 25?
23
Calculate the remainder when 951 is divided by 33.
27
What is the remainder when 100 is divided by 22?
12
What is the remainder when 156 is divided by 46?
18
What is the remainder when 110 is divided by 16?
14
Calculate the remainder when 377 is divided by 99.
80
Calculate the remainder when 566 is divided by 142.
140
What is the remainder when 169 is divided by 34?
33
Calculate the remainder when 2932 is divided by 70.
62
Calculate the remainder when 439 is divided by 31.
5
What is the remainder when 636 is divided by 132?
108
What is the remainder when 812 is divided by 16?
12
Calculate the remainder when 3377 is divided by 31.
29
Calculate the remainder when 10426 is divided by 22.
20
What is the remainder when 2567 is divided by 100?
67
Calculate the remainder when 3914 is divided by 145.
144
What is the remainder when 1926 is divided by 84?
78
Calculate the remainder when 3689 is divided by 26.
23
Calculate the remainder when 697 is divided by 94.
39
Calculate the remainder when 57 is divided by 12.
9
What is the remainder when 613 is divided by 86?
11
What is the remainder when 206 is divided by 67?
5
Calculate the remainder when 1185 is divided by 85.
80
What is the remainder when 1700 is divided by 216?
188
What is the remainder when 1562 is divided by 58?
54
What is the remainder when 2036 is divided by 68?
64
Calculate the remainder when 69 is divided by 9.
6
Calculate the remainder when 748 is divided by 29.
23
What is the remainder when 1397 is divided by 100?
97
Calculate the remainder when 639 is divided by 16.
15
What is the remainder when 138 is divided by 46?
0
Calculate the remainder when 248 is divided by 28.
24
Calculate the remainder when 670 is divided by 174.
148
Calculate the remainder when 591 is divided by 17.
13
What is the remainder when 67 is divided by 33?
1
What is the remainder when 123 is divided by 31?
30
Calculate the remainder when 337 is divided by 268.
69
Calculate the remainder when 74 is divided by 43.
31
What is the remainder when 412 is divided by 18?
16
What is the remainder when 82 is divided by 33?
16
Calculate the remainder when 101 is divided by 33.
2
Calculate the remainder when 43 is divided by 16.
11
What is the remainder when 1039 is divided by 104?
103
What is the remainder when 1017 is divided by 24?
9
Calculate the remainder when 7794 is divided by 47.
39
What is the remainder when 1071 is divided by 37?
35
Calculate the remainder when 363 is divided by 6.
3
What is the remainder when 1387 is divided by 10?
7
Calculate the remainder when 360 is divided by 46.
38
Calculate the remainder when 109 is divided by 7.
4
Calculate the remainder when 129 is divided by 33.
30
Calculate the remainder when 403 is divided by 122.
37
What is the remainder when 653 is divided by 8?
5
Calculate the remainder when 452 is divided by 106.
28
What is the remainder when 8777 is divided by 231?
230
What is the remainder when 15 is divided by 11?
4
What is the remainder when 347 is divided by 27?
23
What is the remainder when 11867 is divided by 12?
11
What is the remainder when 6869 is divided by 87?
83
Calculate the remainder when 9868 is divided by 210.
208
What is the remainder when 176 is divided by 12?
8
What is the remainder when 2564 is divided by 38?
18
Calculate the remainder when 397 is divided by 6.
1
Calculate the remainder when 289 is divided by 63.
37
What is the remainder when 51 is divided by 15?
6
What is the remainder when 365 is divided by 119?
8
What is the remainder when 35240 is divided by 263?
261
What is the remainder when 33911 is divided by 19?
15
Calculate the remainder when 529 is divided by 13.
9
What is the remainder when 3638 is divided by 13?
11
What is the remainder when 804 is divided by 253?
45
What is the remainder when 572 is divided by 288?
284
What is the remainder when 119 is divided by 21?
14
What is the remainder when 11092 is divided by 38?
34
What is the remainder when 142 is divided by 11?
10
Calculate the remainder when 90 is divided by 12.
6
What is the remainder when 339 is divided by 68?
67
Calculate the remainder when 222 is divided by 16.
14
What is the remainder when 229 is divided by 108?
13
What is the remainder when 270 is divided by 62?
22
Calculate the remainder when 428 is divided by 51.
20
Calculate the remainder when 92 is divided by 30.
2
Calculate the remainder when 410 is divided by 60.
50
What is the remainder when 438 is divided by 163?
112
What is the remainder when 9798 is divided by 81?
78
What is the remainder when 837 is divided by 19?
1
What is the remainder when 3673 is divided by 75?
73
Calculate the remainder when 929 is divided by 33.
5
What is the remainder when 89 is divided by 47?
42
Calculate the remainder when 1160 is divided by 295.
275
What is the remainder when 996 is divided by 65?
21
What is the remainder when 3355 is divided by 146?
143
What is the remainder when 276 is divided by 128?
20
Calculate the remainder when 658 is divided by 303.
52
What is the remainder when 932 is divided by 236?
224
Calculate the remainder when 1388 is divided by 58.
54
What is the remainder when 52 is divided by 37?
15
What is the remainder when 178 is divided by 41?
14
What is the remainder when 580 is divided by 116?
0
What is the remainder when 23847 is divided by 106?
103
What is the remainder when 118 is divided by 15?
13
What is the remainder when 286 is divided by 237?
49
Calculate the remainder when 279 is divided by 100.
79
Calculate the remainder when 473 is divided by 76.
17
What is the remainder when 485 is divided by 15?
5
What is the remainder when 802 is divided by 81?
73
Calculate the remainder when 85 is divided by 45.
40
What is the remainder when 70 is divided by 8?
6
What is the remainder when 148 is divided by 77?
71
Calculate the remainder when 409 is divided by 84.
73
What is the remainder when 440 is divided by 49?
48
Calculate the remainder when 346 is divided by 35.
31
What is the remainder when 221 is divided by 40?
21
Calculate the remainder when 579 is divided by 63.
12
Calculate the remainder when 138 is divided by 16.
10
Calculate the remainder when 219 is divided by 32.
27
Calculate the remainder when 214 is divided by 13.
6
What is the remainder when 32696 is divided by 19?
16
Calculate the remainder when 1094 is divided by 5.
4
What is the remainder when 46 is divided by 38?
8
Calculate the remainder when 201 is divided by 29.
27
What is the remainder when 156 is divided by 64?
28
What is the remainder when 89 is divided by 24?
17
What is the remainder when 3022 is divided by 48?
46
What is the remainder when 140 is divided by 28?
0
Calculate the remainder when 10 is divided by 3.
1
What is the remainder when 638 is divided by 40?
38
What is the remainder when 89 is divided by 56?
33
What is the remainder when 291 is divided by 94?
9
What is the remainder when 3216 is divided by 161?
157
What is the remainder when 1808 is divided by 49?
44
What is the remainder when 46 is divided by 25?
21
What is the remainder when 137 is divided by 7?
4
What is the remainder when 367 is divided by 157?
53
Calculate the remainder when 6149 is divided by 1531.
25
What is the remainder when 406 is divided by 66?
10
Calculate the remainder when 434 is divided by 94.
58
What is the remainder when 1453 is divided by 122?
111
Calculate the remainder when 647 is divided by 31.
27
What is the remainder when 202 is divided by 30?
22
Calculate the remainder when 228 is divided by 73.
9
Calculate the remainder when 3622 is divided by 3.
1
Calculate the remainder when 847 is divided by 8.
7
Calculate the remainder when 1504 is d